{"id":31,"date":"2020-06-10T13:52:36","date_gmt":"2020-06-10T11:52:36","guid":{"rendered":"https:\/\/www.alpina-hotels.de\/salzberg\/?page_id=31"},"modified":"2024-07-03T16:51:32","modified_gmt":"2024-07-03T14:51:32","slug":"gruppenraum","status":"publish","type":"page","link":"https:\/\/www.alpina-hotels.de\/salzberg\/gruppenraum\/","title":{"rendered":"Gruppenraum"},"content":{"rendered":"<div   class='avia-fullscreen-slider main_color   avia-builder-el-0  el_before_av_one_full  avia-builder-el-first  container_wrap sidebar_right'  ><div  class='avia-slideshow av-kb95yby7-7a6b1868391f8b206ebfb2d8bc0827a1 avia-slideshow-extra_large av_fullscreen avia-slide-slider av-slideshow-ui av-control-default av-slideshow-manual av-loop-once av-loop-manual-endless av-default-height-applied   avia-slideshow-1' data-slideshow-options=\"{&quot;animation&quot;:&quot;slide&quot;,&quot;autoplay&quot;:false,&quot;loop_autoplay&quot;:&quot;once&quot;,&quot;interval&quot;:5,&quot;loop_manual&quot;:&quot;manual-endless&quot;,&quot;autoplay_stopper&quot;:false,&quot;noNavigation&quot;:false,&quot;bg_slider&quot;:true,&quot;keep_padding&quot;:false,&quot;hoverpause&quot;:false,&quot;show_slide_delay&quot;:0,&quot;slide_height&quot;:&quot;100&quot;,&quot;image_attachment&quot;:&quot;&quot;}\"  itemprop=\"image\" itemscope=\"itemscope\" itemtype=\"https:\/\/schema.org\/ImageObject\" ><ul class='avia-slideshow-inner ' style='padding-bottom: 66.666666666667%;'><li style='background-position:bottom center;' data-img-url='https:\/\/www.alpina-hotels.de\/salzberg\/wp-content\/uploads\/sites\/4\/2020\/08\/alpina-hotels-salzberg-066.jpg' class='avia-slideshow-slide av-kb95yby7-7a6b1868391f8b206ebfb2d8bc0827a1__0  av-single-slide slide-1 slide-odd'><div data-rel='slideshow-1' class='avia-slide-wrap '   ><\/div><\/li><\/ul><\/div><\/div><div id='after_full_slider_1'  class='main_color av_default_container_wrap container_wrap sidebar_right'  ><div class='container av-section-cont-open' ><div class='template-page content  av-content-small alpha units'><div class='post-entry post-entry-type-page post-entry-31'><div class='entry-content-wrapper clearfix'>\n\n<style type=\"text\/css\" data-created_by=\"avia_inline_auto\" id=\"style-css-av-1b1xf-676a1cf0ac12649fc605ab02694ec57f\">\n.flex_column.av-1b1xf-676a1cf0ac12649fc605ab02694ec57f{\nborder-radius:0px 0px 0px 0px;\npadding:0px 0px 0px 0px;\n}\n<\/style>\n<div  class='flex_column av-1b1xf-676a1cf0ac12649fc605ab02694ec57f av_one_full  avia-builder-el-1  el_after_av_fullscreen  el_before_av_one_full  avia-builder-el-first  first flex_column_div av-zero-column-padding  '     ><style type=\"text\/css\" data-created_by=\"avia_inline_auto\" id=\"style-css-av-kb9ch9ys-23e5913d92eff5fa0e0a1867d553ddc7\">\n#top .av-special-heading.av-kb9ch9ys-23e5913d92eff5fa0e0a1867d553ddc7{\npadding-bottom:10px;\n}\nbody .av-special-heading.av-kb9ch9ys-23e5913d92eff5fa0e0a1867d553ddc7 .av-special-heading-tag .heading-char{\nfont-size:25px;\n}\n.av-special-heading.av-kb9ch9ys-23e5913d92eff5fa0e0a1867d553ddc7 .av-subheading{\nfont-size:15px;\n}\n<\/style>\n<div  class='av-special-heading av-kb9ch9ys-23e5913d92eff5fa0e0a1867d553ddc7 av-special-heading-h1 blockquote modern-quote modern-centered  avia-builder-el-2  avia-builder-el-no-sibling '><h1 class='av-special-heading-tag '  itemprop=\"headline\"  >Gruppenraum<\/h1><div class=\"special-heading-border\"><div class=\"special-heading-inner-border\"><\/div><\/div><\/div><\/div>\n\n<style type=\"text\/css\" data-created_by=\"avia_inline_auto\" id=\"style-css-av-prnb-e1ded4970367ad0c2134898b37f59398\">\n.flex_column.av-prnb-e1ded4970367ad0c2134898b37f59398{\nborder-radius:0px 0px 0px 0px;\npadding:0px 0px 0px 0px;\n}\n<\/style>\n<div  class='flex_column av-prnb-e1ded4970367ad0c2134898b37f59398 av_one_full  avia-builder-el-3  el_after_av_one_full  avia-builder-el-last  first flex_column_div av-zero-column-padding  column-top-margin'     ><section  class='av_textblock_section av-kb9chg05-5a88f0fd45d2e14b1cd7a19b5acfb91f '   itemscope=\"itemscope\" itemtype=\"https:\/\/schema.org\/CreativeWork\" ><div class='avia_textblock'  itemprop=\"text\" ><p>Unseren Gruppenraum f\u00fcr bis zu 20 Personen k\u00f6nnen Sie gerne nutzen. Er kann nach Ihren W\u00fcnschen ausgestattet werden.<br \/>Bei Bedarf k\u00f6nnen wir auch Snacks und Getr\u00e4nke f\u00fcr Sie bereitstellen. Bitte kontaktieren Sie uns, damit wir Ihnen ein passendes Angebot machen k\u00f6nnen.<\/p>\n<\/div><\/section><\/div>\n","protected":false},"excerpt":{"rendered":"","protected":false},"author":1,"featured_media":0,"parent":0,"menu_order":0,"comment_status":"closed","ping_status":"closed","template":"","meta":{"footnotes":""},"class_list":["post-31","page","type-page","status-publish","hentry"],"yoast_head":"<!-- This site is optimized with the Yoast SEO plugin v25.5 - https:\/\/yoast.com\/wordpress\/plugins\/seo\/ -->\n<title>Gruppenraum - Alpina Hotel Salzberg in Berchtesgaden im Berchtesgadener Land<\/title>\n<meta name=\"robots\" content=\"index, follow, max-snippet:-1, max-image-preview:large, max-video-preview:-1\" \/>\n<link rel=\"canonical\" href=\"https:\/\/www.alpina-hotels.de\/salzberg\/gruppenraum\/\" \/>\n<meta property=\"og:locale\" content=\"de_DE\" \/>\n<meta property=\"og:type\" content=\"article\" \/>\n<meta property=\"og:title\" content=\"Gruppenraum - Alpina Hotel Salzberg in Berchtesgaden im Berchtesgadener Land\" \/>\n<meta property=\"og:url\" content=\"https:\/\/www.alpina-hotels.de\/salzberg\/gruppenraum\/\" \/>\n<meta property=\"og:site_name\" content=\"Alpina Hotel Salzberg in Berchtesgaden im Berchtesgadener Land\" \/>\n<meta property=\"article:modified_time\" content=\"2024-07-03T14:51:32+00:00\" \/>\n<meta name=\"twitter:card\" content=\"summary_large_image\" \/>\n<meta name=\"twitter:label1\" content=\"Gesch\u00e4tzte Lesezeit\" \/>\n\t<meta name=\"twitter:data1\" content=\"2\u00a0Minuten\" \/>\n<script type=\"application\/ld+json\" class=\"yoast-schema-graph\">{\"@context\":\"https:\/\/schema.org\",\"@graph\":[{\"@type\":\"WebPage\",\"@id\":\"https:\/\/www.alpina-hotels.de\/salzberg\/gruppenraum\/\",\"url\":\"https:\/\/www.alpina-hotels.de\/salzberg\/gruppenraum\/\",\"name\":\"Gruppenraum - Alpina Hotel Salzberg in Berchtesgaden im Berchtesgadener Land\",\"isPartOf\":{\"@id\":\"https:\/\/www.alpina-hotels.de\/salzberg\/#website\"},\"datePublished\":\"2020-06-10T11:52:36+00:00\",\"dateModified\":\"2024-07-03T14:51:32+00:00\",\"breadcrumb\":{\"@id\":\"https:\/\/www.alpina-hotels.de\/salzberg\/gruppenraum\/#breadcrumb\"},\"inLanguage\":\"de\",\"potentialAction\":[{\"@type\":\"ReadAction\",\"target\":[\"https:\/\/www.alpina-hotels.de\/salzberg\/gruppenraum\/\"]}]},{\"@type\":\"BreadcrumbList\",\"@id\":\"https:\/\/www.alpina-hotels.de\/salzberg\/gruppenraum\/#breadcrumb\",\"itemListElement\":[{\"@type\":\"ListItem\",\"position\":1,\"name\":\"Startseite\",\"item\":\"https:\/\/www.alpina-hotels.de\/salzberg\/willkommen\/\"},{\"@type\":\"ListItem\",\"position\":2,\"name\":\"Gruppenraum\"}]},{\"@type\":\"WebSite\",\"@id\":\"https:\/\/www.alpina-hotels.de\/salzberg\/#website\",\"url\":\"https:\/\/www.alpina-hotels.de\/salzberg\/\",\"name\":\"Alpina Hotel Salzberg in Berchtesgaden im Berchtesgadener Land\",\"description\":\"Alpina Hotels in Berchtesgaden\",\"potentialAction\":[{\"@type\":\"SearchAction\",\"target\":{\"@type\":\"EntryPoint\",\"urlTemplate\":\"https:\/\/www.alpina-hotels.de\/salzberg\/?s={search_term_string}\"},\"query-input\":{\"@type\":\"PropertyValueSpecification\",\"valueRequired\":true,\"valueName\":\"search_term_string\"}}],\"inLanguage\":\"de\"}]}<\/script>\n<!-- \/ Yoast SEO plugin. -->","yoast_head_json":{"title":"Gruppenraum - Alpina Hotel Salzberg in Berchtesgaden im Berchtesgadener Land","robots":{"index":"index","follow":"follow","max-snippet":"max-snippet:-1","max-image-preview":"max-image-preview:large","max-video-preview":"max-video-preview:-1"},"canonical":"https:\/\/www.alpina-hotels.de\/salzberg\/gruppenraum\/","og_locale":"de_DE","og_type":"article","og_title":"Gruppenraum - Alpina Hotel Salzberg in Berchtesgaden im Berchtesgadener Land","og_url":"https:\/\/www.alpina-hotels.de\/salzberg\/gruppenraum\/","og_site_name":"Alpina Hotel Salzberg in Berchtesgaden im Berchtesgadener Land","article_modified_time":"2024-07-03T14:51:32+00:00","twitter_card":"summary_large_image","twitter_misc":{"Gesch\u00e4tzte Lesezeit":"2\u00a0Minuten"},"schema":{"@context":"https:\/\/schema.org","@graph":[{"@type":"WebPage","@id":"https:\/\/www.alpina-hotels.de\/salzberg\/gruppenraum\/","url":"https:\/\/www.alpina-hotels.de\/salzberg\/gruppenraum\/","name":"Gruppenraum - Alpina Hotel Salzberg in Berchtesgaden im Berchtesgadener Land","isPartOf":{"@id":"https:\/\/www.alpina-hotels.de\/salzberg\/#website"},"datePublished":"2020-06-10T11:52:36+00:00","dateModified":"2024-07-03T14:51:32+00:00","breadcrumb":{"@id":"https:\/\/www.alpina-hotels.de\/salzberg\/gruppenraum\/#breadcrumb"},"inLanguage":"de","potentialAction":[{"@type":"ReadAction","target":["https:\/\/www.alpina-hotels.de\/salzberg\/gruppenraum\/"]}]},{"@type":"BreadcrumbList","@id":"https:\/\/www.alpina-hotels.de\/salzberg\/gruppenraum\/#breadcrumb","itemListElement":[{"@type":"ListItem","position":1,"name":"Startseite","item":"https:\/\/www.alpina-hotels.de\/salzberg\/willkommen\/"},{"@type":"ListItem","position":2,"name":"Gruppenraum"}]},{"@type":"WebSite","@id":"https:\/\/www.alpina-hotels.de\/salzberg\/#website","url":"https:\/\/www.alpina-hotels.de\/salzberg\/","name":"Alpina Hotel Salzberg in Berchtesgaden im Berchtesgadener Land","description":"Alpina Hotels in Berchtesgaden","potentialAction":[{"@type":"SearchAction","target":{"@type":"EntryPoint","urlTemplate":"https:\/\/www.alpina-hotels.de\/salzberg\/?s={search_term_string}"},"query-input":{"@type":"PropertyValueSpecification","valueRequired":true,"valueName":"search_term_string"}}],"inLanguage":"de"}]}},"_links":{"self":[{"href":"https:\/\/www.alpina-hotels.de\/salzberg\/wp-json\/wp\/v2\/pages\/31","targetHints":{"allow":["GET"]}}],"collection":[{"href":"https:\/\/www.alpina-hotels.de\/salzberg\/wp-json\/wp\/v2\/pages"}],"about":[{"href":"https:\/\/www.alpina-hotels.de\/salzberg\/wp-json\/wp\/v2\/types\/page"}],"author":[{"embeddable":true,"href":"https:\/\/www.alpina-hotels.de\/salzberg\/wp-json\/wp\/v2\/users\/1"}],"replies":[{"embeddable":true,"href":"https:\/\/www.alpina-hotels.de\/salzberg\/wp-json\/wp\/v2\/comments?post=31"}],"version-history":[{"count":6,"href":"https:\/\/www.alpina-hotels.de\/salzberg\/wp-json\/wp\/v2\/pages\/31\/revisions"}],"predecessor-version":[{"id":598,"href":"https:\/\/www.alpina-hotels.de\/salzberg\/wp-json\/wp\/v2\/pages\/31\/revisions\/598"}],"wp:attachment":[{"href":"https:\/\/www.alpina-hotels.de\/salzberg\/wp-json\/wp\/v2\/media?parent=31"}],"curies":[{"name":"wp","href":"https:\/\/api.w.org\/{rel}","templated":true}]}}

<div   class='avia-fullscreen-slider main_color   avia-builder-el-0  el_before_av_one_full  avia-builder-el-first  container_wrap sidebar_right'  ><div  class='avia-slideshow av-kb95yby7-7a6b1868391f8b206ebfb2d8bc0827a1 avia-slideshow-extra_large av_fullscreen avia-slide-slider av-slideshow-ui av-control-default av-slideshow-manual av-loop-once av-loop-manual-endless av-default-height-applied   avia-slideshow-1' data-slideshow-options="{&quot;animation&quot;:&quot;slide&quot;,&quot;autoplay&quot;:false,&quot;loop_autoplay&quot;:&quot;once&quot;,&quot;interval&quot;:5,&quot;loop_manual&quot;:&quot;manual-endless&quot;,&quot;autoplay_stopper&quot;:false,&quot;noNavigation&quot;:false,&quot;bg_slider&quot;:true,&quot;keep_padding&quot;:false,&quot;hoverpause&quot;:false,&quot;show_slide_delay&quot;:0,&quot;slide_height&quot;:&quot;100&quot;,&quot;image_attachment&quot;:&quot;&quot;}"  itemprop="image" itemscope="itemscope" itemtype="https://schema.org/ImageObject" ><ul class='avia-slideshow-inner ' style='padding-bottom: 66.666666666667%;'><li style='background-position:bottom center;' data-img-url='https://www.alpina-hotels.de/salzberg/wp-content/uploads/sites/4/2020/08/alpina-hotels-salzberg-066.jpg' class='avia-slideshow-slide av-kb95yby7-7a6b1868391f8b206ebfb2d8bc0827a1__0  av-single-slide slide-1 slide-odd'><div data-rel='slideshow-1' class='avia-slide-wrap '   ></div></li></ul></div></div><div id='after_full_slider_1'  class='main_color av_default_container_wrap container_wrap sidebar_right'  ><div class='container av-section-cont-open' ><div class='template-page content  av-content-small alpha units'><div class='post-entry post-entry-type-page post-entry-31'><div class='entry-content-wrapper clearfix'>

<style type="text/css" data-created_by="avia_inline_auto" id="style-css-av-1b1xf-676a1cf0ac12649fc605ab02694ec57f">
.flex_column.av-1b1xf-676a1cf0ac12649fc605ab02694ec57f{
border-radius:0px 0px 0px 0px;
padding:0px 0px 0px 0px;
}
</style>
<div  class='flex_column av-1b1xf-676a1cf0ac12649fc605ab02694ec57f av_one_full  avia-builder-el-1  el_after_av_fullscreen  el_before_av_one_full  avia-builder-el-first  first flex_column_div av-zero-column-padding  '     ><style type="text/css" data-created_by="avia_inline_auto" id="style-css-av-kb9ch9ys-23e5913d92eff5fa0e0a1867d553ddc7">
#top .av-special-heading.av-kb9ch9ys-23e5913d92eff5fa0e0a1867d553ddc7{
padding-bottom:10px;
}
body .av-special-heading.av-kb9ch9ys-23e5913d92eff5fa0e0a1867d553ddc7 .av-special-heading-tag .heading-char{
font-size:25px;
}
.av-special-heading.av-kb9ch9ys-23e5913d92eff5fa0e0a1867d553ddc7 .av-subheading{
font-size:15px;
}
</style>
<div  class='av-special-heading av-kb9ch9ys-23e5913d92eff5fa0e0a1867d553ddc7 av-special-heading-h1 blockquote modern-quote modern-centered  avia-builder-el-2  avia-builder-el-no-sibling '><h1 class='av-special-heading-tag '  itemprop="headline"  >Gruppenraum</h1><div class="special-heading-border"><div class="special-heading-inner-border"></div></div></div></div>

<style type="text/css" data-created_by="avia_inline_auto" id="style-css-av-prnb-e1ded4970367ad0c2134898b37f59398">
.flex_column.av-prnb-e1ded4970367ad0c2134898b37f59398{
border-radius:0px 0px 0px 0px;
padding:0px 0px 0px 0px;
}
</style>
<div  class='flex_column av-prnb-e1ded4970367ad0c2134898b37f59398 av_one_full  avia-builder-el-3  el_after_av_one_full  avia-builder-el-last  first flex_column_div av-zero-column-padding  column-top-margin'     ><section  class='av_textblock_section av-kb9chg05-5a88f0fd45d2e14b1cd7a19b5acfb91f '   itemscope="itemscope" itemtype="https://schema.org/CreativeWork" ><div class='avia_textblock'  itemprop="text" ><p>Unseren Gruppenraum für bis zu 20 Personen können Sie gerne nutzen. Er kann nach Ihren Wünschen ausgestattet werden.<br />Bei Bedarf können wir auch Snacks und Getränke für Sie bereitstellen. Bitte kontaktieren Sie uns, damit wir Ihnen ein passendes Angebot machen können.</p>
</div></section></div>

<!-- This site is optimized with the Yoast SEO plugin v25.5 - https://yoast.com/wordpress/plugins/seo/ -->
<title>Gruppenraum - Alpina Hotel Salzberg in Berchtesgaden im Berchtesgadener Land</title>
<meta name="robots" content="index, follow, max-snippet:-1, max-image-preview:large, max-video-preview:-1" />
<link rel="canonical" href="https://www.alpina-hotels.de/salzberg/gruppenraum/" />
<meta property="og:locale" content="de_DE" />
<meta property="og:type" content="article" />
<meta property="og:title" content="Gruppenraum - Alpina Hotel Salzberg in Berchtesgaden im Berchtesgadener Land" />
<meta property="og:url" content="https://www.alpina-hotels.de/salzberg/gruppenraum/" />
<meta property="og:site_name" content="Alpina Hotel Salzberg in Berchtesgaden im Berchtesgadener Land" />
<meta property="article:modified_time" content="2024-07-03T14:51:32+00:00" />
<meta name="twitter:card" content="summary_large_image" />
<meta name="twitter:label1" content="Geschätzte Lesezeit" />
	<meta name="twitter:data1" content="2 Minuten" />
<script type="application/ld+json" class="yoast-schema-graph">{"@context":"https://schema.org","@graph":[{"@type":"WebPage","@id":"https://www.alpina-hotels.de/salzberg/gruppenraum/","url":"https://www.alpina-hotels.de/salzberg/gruppenraum/","name":"Gruppenraum - Alpina Hotel Salzberg in Berchtesgaden im Berchtesgadener Land","isPartOf":{"@id":"https://www.alpina-hotels.de/salzberg/#website"},"datePublished":"2020-06-10T11:52:36+00:00","dateModified":"2024-07-03T14:51:32+00:00","breadcrumb":{"@id":"https://www.alpina-hotels.de/salzberg/gruppenraum/#breadcrumb"},"inLanguage":"de","potentialAction":[{"@type":"ReadAction","target":["https://www.alpina-hotels.de/salzberg/gruppenraum/"]}]},{"@type":"BreadcrumbList","@id":"https://www.alpina-hotels.de/salzberg/gruppenraum/#breadcrumb","itemListElement":[{"@type":"ListItem","position":1,"name":"Startseite","item":"https://www.alpina-hotels.de/salzberg/willkommen/"},{"@type":"ListItem","position":2,"name":"Gruppenraum"}]},{"@type":"WebSite","@id":"https://www.alpina-hotels.de/salzberg/#website","url":"https://www.alpina-hotels.de/salzberg/","name":"Alpina Hotel Salzberg in Berchtesgaden im Berchtesgadener Land","description":"Alpina Hotels in Berchtesgaden","potentialAction":[{"@type":"SearchAction","target":{"@type":"EntryPoint","urlTemplate":"https://www.alpina-hotels.de/salzberg/?s={search_term_string}"},"query-input":{"@type":"PropertyValueSpecification","valueRequired":true,"valueName":"search_term_string"}}],"inLanguage":"de"}]}</script>
<!-- / Yoast SEO plugin. -->
