{"id":137,"date":"2020-06-16T09:55:37","date_gmt":"2020-06-16T07:55:37","guid":{"rendered":"https:\/\/www.alpina-hotels.de\/salzberg\/?page_id=137"},"modified":"2020-06-16T10:10:37","modified_gmt":"2020-06-16T08:10:37","slug":"salzburg","status":"publish","type":"page","link":"https:\/\/www.alpina-hotels.de\/salzberg\/salzburg\/","title":{"rendered":"Salzburg"},"content":{"rendered":"<div id='full_slider_1'  class='avia-fullwidth-slider main_color avia-shadow   avia-builder-el-0  el_before_av_one_full  avia-builder-el-first   container_wrap sidebar_right'  ><div  class='avia-slideshow av-5374g-508af4c4f1d519e77cbf5d9068700c7e avia-slideshow-featured_large av_slideshow_full avia-slide-slider av-slideshow-ui av-control-default av-slideshow-manual av-loop-once av-loop-manual-endless av-default-height-applied   avia-slideshow-1' data-slideshow-options=\"{&quot;animation&quot;:&quot;slide&quot;,&quot;autoplay&quot;:false,&quot;loop_autoplay&quot;:&quot;once&quot;,&quot;interval&quot;:5,&quot;loop_manual&quot;:&quot;manual-endless&quot;,&quot;autoplay_stopper&quot;:false,&quot;noNavigation&quot;:false,&quot;bg_slider&quot;:false,&quot;keep_padding&quot;:false,&quot;hoverpause&quot;:false,&quot;show_slide_delay&quot;:0}\"  itemprop=\"image\" itemscope=\"itemscope\" itemtype=\"https:\/\/schema.org\/ImageObject\" ><ul class='avia-slideshow-inner ' style='padding-bottom: 42%;'><li  class='avia-slideshow-slide av-5374g-508af4c4f1d519e77cbf5d9068700c7e__0  av-single-slide slide-1 slide-odd'><div data-rel='slideshow-1' class='avia-slide-wrap '   ><img decoding=\"async\" fetchpriority=\"high\" class=\"wp-image-228 avia-img-lazy-loading-not-228\"  src=\"https:\/\/www.alpina-hotels.de\/salzberg\/wp-content\/uploads\/sites\/4\/2020\/06\/sbg-impressionen-sbg-stadtansicht_079-1-1500x630.jpg\" width=\"1500\" height=\"630\" title='sbg-impressionen-sbg-stadtansicht_079' alt=''  itemprop=\"thumbnailUrl\"   \/><\/div><\/li><\/ul><\/div><\/div><div id='after_full_slider_1'  class='main_color av_default_container_wrap container_wrap sidebar_right'  ><div class='container av-section-cont-open' ><div class='template-page content  av-content-small alpha units'><div class='post-entry post-entry-type-page post-entry-137'><div class='entry-content-wrapper clearfix'>\n\n<style type=\"text\/css\" data-created_by=\"avia_inline_auto\" id=\"style-css-av-4g53w-ee7572f34c108b4a80619c6b2110e61c\">\n.flex_column.av-4g53w-ee7572f34c108b4a80619c6b2110e61c{\nborder-radius:0px 0px 0px 0px;\npadding:0px 0px 0px 0px;\n}\n<\/style>\n<div  class='flex_column av-4g53w-ee7572f34c108b4a80619c6b2110e61c av_one_full  avia-builder-el-1  el_after_av_slideshow_full  el_before_av_one_third  avia-builder-el-first  first flex_column_div av-zero-column-padding  '     ><style type=\"text\/css\" data-created_by=\"avia_inline_auto\" id=\"style-css-av-kbhmrjsv-511262f750c7adc95f44b75b158f9e3d\">\n#top .av-special-heading.av-kbhmrjsv-511262f750c7adc95f44b75b158f9e3d{\npadding-bottom:10px;\nfont-size:40px;\n}\nbody .av-special-heading.av-kbhmrjsv-511262f750c7adc95f44b75b158f9e3d .av-special-heading-tag .heading-char{\nfont-size:25px;\n}\n#top #wrap_all .av-special-heading.av-kbhmrjsv-511262f750c7adc95f44b75b158f9e3d .av-special-heading-tag{\nfont-size:40px;\n}\n.av-special-heading.av-kbhmrjsv-511262f750c7adc95f44b75b158f9e3d .av-subheading{\nfont-size:15px;\n}\n\n@media only screen and (min-width: 480px) and (max-width: 767px){ \n#top #wrap_all .av-special-heading.av-kbhmrjsv-511262f750c7adc95f44b75b158f9e3d .av-special-heading-tag{\nfont-size:0.8em;\n}\n}\n\n@media only screen and (max-width: 479px){ \n#top #wrap_all .av-special-heading.av-kbhmrjsv-511262f750c7adc95f44b75b158f9e3d .av-special-heading-tag{\nfont-size:0.8em;\n}\n}\n<\/style>\n<div  class='av-special-heading av-kbhmrjsv-511262f750c7adc95f44b75b158f9e3d av-special-heading-h3 blockquote modern-quote modern-centered  avia-builder-el-2  avia-builder-el-no-sibling  av-inherit-size'><h3 class='av-special-heading-tag '  itemprop=\"headline\"  >Salzburg<\/h3><div class=\"special-heading-border\"><div class=\"special-heading-inner-border\"><\/div><\/div><\/div><\/div>\n\n<style type=\"text\/css\" data-created_by=\"avia_inline_auto\" id=\"style-css-av-40lp0-77543f5d7882d988a39ffadfaa773325\">\n.flex_column.av-40lp0-77543f5d7882d988a39ffadfaa773325{\nborder-radius:0px 0px 0px 0px;\npadding:0px 0px 0px 0px;\n}\n<\/style>\n<div  class='flex_column av-40lp0-77543f5d7882d988a39ffadfaa773325 av_one_third  avia-builder-el-3  el_after_av_one_full  el_before_av_two_third  first flex_column_div av-zero-column-padding  column-top-margin'     ><style type=\"text\/css\" data-created_by=\"avia_inline_auto\" id=\"style-css-av-3gdrg-fb0731bce060d79a9492261eeab02551\">\n.avia-image-container.av-3gdrg-fb0731bce060d79a9492261eeab02551 img.avia_image{\nbox-shadow:none;\n}\n.avia-image-container.av-3gdrg-fb0731bce060d79a9492261eeab02551 .av-image-caption-overlay-center{\ncolor:#ffffff;\n}\n<\/style>\n<div  class='avia-image-container av-3gdrg-fb0731bce060d79a9492261eeab02551 av-styling- avia-align-center  avia-builder-el-4  avia-builder-el-no-sibling '   itemprop=\"image\" itemscope=\"itemscope\" itemtype=\"https:\/\/schema.org\/ImageObject\" ><div class=\"avia-image-container-inner\"><div class=\"avia-image-overlay-wrap\"><img decoding=\"async\" fetchpriority=\"high\" class='wp-image-228 avia-img-lazy-loading-not-228 avia_image ' src=\"https:\/\/www.alpina-hotels.de\/salzberg\/wp-content\/uploads\/sites\/4\/2020\/06\/sbg-impressionen-sbg-stadtansicht_079-1.jpg\" alt='' title='sbg-impressionen-sbg-stadtansicht_079'  height=\"1000\" width=\"1500\"  itemprop=\"thumbnailUrl\" srcset=\"https:\/\/www.alpina-hotels.de\/salzberg\/wp-content\/uploads\/sites\/4\/2020\/06\/sbg-impressionen-sbg-stadtansicht_079-1.jpg 1500w, https:\/\/www.alpina-hotels.de\/salzberg\/wp-content\/uploads\/sites\/4\/2020\/06\/sbg-impressionen-sbg-stadtansicht_079-1-705x470.jpg 705w, https:\/\/www.alpina-hotels.de\/salzberg\/wp-content\/uploads\/sites\/4\/2020\/06\/sbg-impressionen-sbg-stadtansicht_079-1-1280x853.jpg 1280w, https:\/\/www.alpina-hotels.de\/salzberg\/wp-content\/uploads\/sites\/4\/2020\/06\/sbg-impressionen-sbg-stadtansicht_079-1-450x300.jpg 450w, https:\/\/www.alpina-hotels.de\/salzberg\/wp-content\/uploads\/sites\/4\/2020\/06\/sbg-impressionen-sbg-stadtansicht_079-1-768x512.jpg 768w\" sizes=\"(max-width: 1500px) 100vw, 1500px\" \/><\/div><\/div><\/div><\/div>\n<style type=\"text\/css\" data-created_by=\"avia_inline_auto\" id=\"style-css-av-2vo8k-e4bc17dc2c1e9cb9b9fbbfe285fec567\">\n.flex_column.av-2vo8k-e4bc17dc2c1e9cb9b9fbbfe285fec567{\nborder-radius:0px 0px 0px 0px;\npadding:0px 0px 0px 0px;\n}\n<\/style>\n<div  class='flex_column av-2vo8k-e4bc17dc2c1e9cb9b9fbbfe285fec567 av_two_third  avia-builder-el-5  el_after_av_one_third  el_before_av_two_third  flex_column_div av-zero-column-padding  column-top-margin'     ><section  class='av_textblock_section av-kbhlr2gc-d05712e765b9fcf579564f52115415c9 '   itemscope=\"itemscope\" itemtype=\"https:\/\/schema.org\/CreativeWork\" ><div class='avia_textblock'  itemprop=\"text\" ><p><strong>Die Stadt Salzburg<\/strong><\/p>\n<p>Die Barockstadt Salzburg verzaubert ihre Besucher mit romantischen Gassen, einer zum UNESCO Weltkulturerbe erkl\u00e4rten Altstadt und einem reichhaltigen Angebot aus Kunst und Kultur.<br \/>\nHier befindet sich auch die ber\u00fchmte Getreidegasse.<br \/>\nDie Getreidegasse geh\u00f6rt wohl zu den sch\u00f6nsten Einkaufsstra\u00dfen der Welt: hinter wundersch\u00f6nen Fassaden, in den traditionellen Durchh\u00e4usern und in denkmalgesch\u00fctzten Gem\u00e4uern verbirgt sich eine Vielzahl von Gesch\u00e4ften, die zum Bummeln und Einkaufen einladen.<\/p>\n<\/div><\/section><\/div><\/p>\n\n<style type=\"text\/css\" data-created_by=\"avia_inline_auto\" id=\"style-css-av-1wpo8-964d6ea77118bba2538f84b33f89eb0b\">\n.flex_column.av-1wpo8-964d6ea77118bba2538f84b33f89eb0b{\nborder-radius:0px 0px 0px 0px;\npadding:0px 0px 0px 0px;\n}\n<\/style>\n<div  class='flex_column av-1wpo8-964d6ea77118bba2538f84b33f89eb0b av_two_third  avia-builder-el-7  el_after_av_two_third  el_before_av_one_third  first flex_column_div av-zero-column-padding  column-top-margin'     ><section  class='av_textblock_section av-kbhlr2gc-d05712e765b9fcf579564f52115415c9 '   itemscope=\"itemscope\" itemtype=\"https:\/\/schema.org\/CreativeWork\" ><div class='avia_textblock'  itemprop=\"text\" ><p><strong>Festung Hohensalzburg<\/strong><\/p>\n<p>Die \u00fcber 900 Jahre alte Festung Hohensalzburg geh\u00f6rt zu den gr\u00f6\u00dften Burgenanlagen Europas.<br \/>\nNeben spannenden Einblicken in die Baugeschichte der imposanten Wehranlage, bietet die mittelalterliche Burg samt neuzeitlicher Festung ein wunderbares 360-Grad-Panorama \u00fcber die D\u00e4cher der Mozartstadt sowie in die umliegende Bergwelt.- Auf jeden Fall einen Besuch wert.<\/p>\n<\/div><\/section><\/div>\n\n<style type=\"text\/css\" data-created_by=\"avia_inline_auto\" id=\"style-css-av-1na60-eb5ea8744df09d249cdcec89a7c227e6\">\n.flex_column.av-1na60-eb5ea8744df09d249cdcec89a7c227e6{\nborder-radius:0px 0px 0px 0px;\npadding:0px 0px 0px 0px;\n}\n<\/style>\n<div  class='flex_column av-1na60-eb5ea8744df09d249cdcec89a7c227e6 av_one_third  avia-builder-el-9  el_after_av_two_third  el_before_av_one_third  flex_column_div av-zero-column-padding  column-top-margin'     ><style type=\"text\/css\" data-created_by=\"avia_inline_auto\" id=\"style-css-av-z848-7a54d771b7236b89c9d9e7b16672b62d\">\n.avia-image-container.av-z848-7a54d771b7236b89c9d9e7b16672b62d img.avia_image{\nbox-shadow:none;\n}\n.avia-image-container.av-z848-7a54d771b7236b89c9d9e7b16672b62d .av-image-caption-overlay-center{\ncolor:#ffffff;\n}\n<\/style>\n<div  class='avia-image-container av-z848-7a54d771b7236b89c9d9e7b16672b62d av-styling- avia-align-center  avia-builder-el-10  avia-builder-el-no-sibling '   itemprop=\"image\" itemscope=\"itemscope\" itemtype=\"https:\/\/schema.org\/ImageObject\" ><div class=\"avia-image-container-inner\"><div class=\"avia-image-overlay-wrap\"><img decoding=\"async\" fetchpriority=\"high\" class='wp-image-224 avia-img-lazy-loading-not-224 avia_image ' src=\"https:\/\/www.alpina-hotels.de\/salzberg\/wp-content\/uploads\/sites\/4\/2020\/06\/sbg-tsom-bur_091.jpg\" alt='' title='sbg-tsom-bur_091'  height=\"1000\" width=\"1500\"  itemprop=\"thumbnailUrl\" srcset=\"https:\/\/www.alpina-hotels.de\/salzberg\/wp-content\/uploads\/sites\/4\/2020\/06\/sbg-tsom-bur_091.jpg 1500w, https:\/\/www.alpina-hotels.de\/salzberg\/wp-content\/uploads\/sites\/4\/2020\/06\/sbg-tsom-bur_091-705x470.jpg 705w, https:\/\/www.alpina-hotels.de\/salzberg\/wp-content\/uploads\/sites\/4\/2020\/06\/sbg-tsom-bur_091-1280x853.jpg 1280w, https:\/\/www.alpina-hotels.de\/salzberg\/wp-content\/uploads\/sites\/4\/2020\/06\/sbg-tsom-bur_091-450x300.jpg 450w, https:\/\/www.alpina-hotels.de\/salzberg\/wp-content\/uploads\/sites\/4\/2020\/06\/sbg-tsom-bur_091-768x512.jpg 768w\" sizes=\"(max-width: 1500px) 100vw, 1500px\" \/><\/div><\/div><\/div><\/div>\n<style type=\"text\/css\" data-created_by=\"avia_inline_auto\" id=\"style-css-av-1na60-6f86ace9606d1678fc39cb87dd0ff71a\">\n.flex_column.av-1na60-6f86ace9606d1678fc39cb87dd0ff71a{\nborder-radius:0px 0px 0px 0px;\npadding:0px 0px 0px 0px;\n}\n<\/style>\n<div  class='flex_column av-1na60-6f86ace9606d1678fc39cb87dd0ff71a av_one_third  avia-builder-el-11  el_after_av_one_third  el_before_av_two_third  first flex_column_div av-zero-column-padding  column-top-margin'     ><style type=\"text\/css\" data-created_by=\"avia_inline_auto\" id=\"style-css-av-z848-7dc4799fc5bc654252d408a385109d78\">\n.avia-image-container.av-z848-7dc4799fc5bc654252d408a385109d78 img.avia_image{\nbox-shadow:none;\n}\n.avia-image-container.av-z848-7dc4799fc5bc654252d408a385109d78 .av-image-caption-overlay-center{\ncolor:#ffffff;\n}\n<\/style>\n<div  class='avia-image-container av-z848-7dc4799fc5bc654252d408a385109d78 av-styling- avia-align-center  avia-builder-el-12  avia-builder-el-no-sibling '   itemprop=\"image\" itemscope=\"itemscope\" itemtype=\"https:\/\/schema.org\/ImageObject\" ><div class=\"avia-image-container-inner\"><div class=\"avia-image-overlay-wrap\"><img decoding=\"async\" fetchpriority=\"high\" class='wp-image-225 avia-img-lazy-loading-not-225 avia_image ' src=\"https:\/\/www.alpina-hotels.de\/salzberg\/wp-content\/uploads\/sites\/4\/2020\/06\/sbg-tsom-bur_095.jpg\" alt='' title='sbg-tsom-bur_095'  height=\"1000\" width=\"1500\"  itemprop=\"thumbnailUrl\" srcset=\"https:\/\/www.alpina-hotels.de\/salzberg\/wp-content\/uploads\/sites\/4\/2020\/06\/sbg-tsom-bur_095.jpg 1500w, https:\/\/www.alpina-hotels.de\/salzberg\/wp-content\/uploads\/sites\/4\/2020\/06\/sbg-tsom-bur_095-705x470.jpg 705w, https:\/\/www.alpina-hotels.de\/salzberg\/wp-content\/uploads\/sites\/4\/2020\/06\/sbg-tsom-bur_095-1280x853.jpg 1280w, https:\/\/www.alpina-hotels.de\/salzberg\/wp-content\/uploads\/sites\/4\/2020\/06\/sbg-tsom-bur_095-450x300.jpg 450w, https:\/\/www.alpina-hotels.de\/salzberg\/wp-content\/uploads\/sites\/4\/2020\/06\/sbg-tsom-bur_095-768x512.jpg 768w\" sizes=\"(max-width: 1500px) 100vw, 1500px\" \/><\/div><\/div><\/div><\/div>\n<style type=\"text\/css\" data-created_by=\"avia_inline_auto\" id=\"style-css-av-1wpo8-412a1fb3f47f91cb631a36b6bef045c3\">\n.flex_column.av-1wpo8-412a1fb3f47f91cb631a36b6bef045c3{\nborder-radius:0px 0px 0px 0px;\npadding:0px 0px 0px 0px;\n}\n<\/style>\n<div  class='flex_column av-1wpo8-412a1fb3f47f91cb631a36b6bef045c3 av_two_third  avia-builder-el-13  el_after_av_one_third  avia-builder-el-last  flex_column_div av-zero-column-padding  column-top-margin'     ><section  class='av_textblock_section av-kbhlr2gc-d05712e765b9fcf579564f52115415c9 '   itemscope=\"itemscope\" itemtype=\"https:\/\/schema.org\/CreativeWork\" ><div class='avia_textblock'  itemprop=\"text\" ><p><strong>Der Mozartplatz<\/strong><\/p>\n<p>Der Mozartplatz ist ein repr\u00e4sentativer rechteckiger Platz in der Altstadt der Stadt Salzburg, der durch den Abbruch verschiedener B\u00fcrgerh\u00e4user unter Wolf Dietrich von Raitenau 1588 planm\u00e4\u00dfig angelegt wurde. Auf ihm steht eine Skulptur von Wolfgang Amadeus Mozart.<\/p>\n<\/div><\/section><\/div><\/p>\n","protected":false},"excerpt":{"rendered":"","protected":false},"author":1,"featured_media":0,"parent":0,"menu_order":0,"comment_status":"closed","ping_status":"closed","template":"","meta":{"footnotes":""},"class_list":["post-137","page","type-page","status-publish","hentry"],"yoast_head":"<!-- This site is optimized with the Yoast SEO plugin v25.5 - https:\/\/yoast.com\/wordpress\/plugins\/seo\/ -->\n<title>Salzburg - Alpina Hotel Salzberg in Berchtesgaden im Berchtesgadener Land<\/title>\n<meta name=\"robots\" content=\"index, follow, max-snippet:-1, max-image-preview:large, max-video-preview:-1\" \/>\n<link rel=\"canonical\" href=\"https:\/\/www.alpina-hotels.de\/salzberg\/salzburg\/\" \/>\n<meta property=\"og:locale\" content=\"de_DE\" \/>\n<meta property=\"og:type\" content=\"article\" \/>\n<meta property=\"og:title\" content=\"Salzburg - Alpina Hotel Salzberg in Berchtesgaden im Berchtesgadener Land\" \/>\n<meta property=\"og:url\" content=\"https:\/\/www.alpina-hotels.de\/salzberg\/salzburg\/\" \/>\n<meta property=\"og:site_name\" content=\"Alpina Hotel Salzberg in Berchtesgaden im Berchtesgadener Land\" \/>\n<meta property=\"article:modified_time\" content=\"2020-06-16T08:10:37+00:00\" \/>\n<meta name=\"twitter:card\" content=\"summary_large_image\" \/>\n<meta name=\"twitter:label1\" content=\"Gesch\u00e4tzte Lesezeit\" \/>\n\t<meta name=\"twitter:data1\" content=\"8\u00a0Minuten\" \/>\n<script type=\"application\/ld+json\" class=\"yoast-schema-graph\">{\"@context\":\"https:\/\/schema.org\",\"@graph\":[{\"@type\":\"WebPage\",\"@id\":\"https:\/\/www.alpina-hotels.de\/salzberg\/salzburg\/\",\"url\":\"https:\/\/www.alpina-hotels.de\/salzberg\/salzburg\/\",\"name\":\"Salzburg - Alpina Hotel Salzberg in Berchtesgaden im Berchtesgadener Land\",\"isPartOf\":{\"@id\":\"https:\/\/www.alpina-hotels.de\/salzberg\/#website\"},\"datePublished\":\"2020-06-16T07:55:37+00:00\",\"dateModified\":\"2020-06-16T08:10:37+00:00\",\"breadcrumb\":{\"@id\":\"https:\/\/www.alpina-hotels.de\/salzberg\/salzburg\/#breadcrumb\"},\"inLanguage\":\"de\",\"potentialAction\":[{\"@type\":\"ReadAction\",\"target\":[\"https:\/\/www.alpina-hotels.de\/salzberg\/salzburg\/\"]}]},{\"@type\":\"BreadcrumbList\",\"@id\":\"https:\/\/www.alpina-hotels.de\/salzberg\/salzburg\/#breadcrumb\",\"itemListElement\":[{\"@type\":\"ListItem\",\"position\":1,\"name\":\"Startseite\",\"item\":\"https:\/\/www.alpina-hotels.de\/salzberg\/willkommen\/\"},{\"@type\":\"ListItem\",\"position\":2,\"name\":\"Salzburg\"}]},{\"@type\":\"WebSite\",\"@id\":\"https:\/\/www.alpina-hotels.de\/salzberg\/#website\",\"url\":\"https:\/\/www.alpina-hotels.de\/salzberg\/\",\"name\":\"Alpina Hotel Salzberg in Berchtesgaden im Berchtesgadener Land\",\"description\":\"Alpina Hotels in Berchtesgaden\",\"potentialAction\":[{\"@type\":\"SearchAction\",\"target\":{\"@type\":\"EntryPoint\",\"urlTemplate\":\"https:\/\/www.alpina-hotels.de\/salzberg\/?s={search_term_string}\"},\"query-input\":{\"@type\":\"PropertyValueSpecification\",\"valueRequired\":true,\"valueName\":\"search_term_string\"}}],\"inLanguage\":\"de\"}]}<\/script>\n<!-- \/ Yoast SEO plugin. -->","yoast_head_json":{"title":"Salzburg - Alpina Hotel Salzberg in Berchtesgaden im Berchtesgadener Land","robots":{"index":"index","follow":"follow","max-snippet":"max-snippet:-1","max-image-preview":"max-image-preview:large","max-video-preview":"max-video-preview:-1"},"canonical":"https:\/\/www.alpina-hotels.de\/salzberg\/salzburg\/","og_locale":"de_DE","og_type":"article","og_title":"Salzburg - Alpina Hotel Salzberg in Berchtesgaden im Berchtesgadener Land","og_url":"https:\/\/www.alpina-hotels.de\/salzberg\/salzburg\/","og_site_name":"Alpina Hotel Salzberg in Berchtesgaden im Berchtesgadener Land","article_modified_time":"2020-06-16T08:10:37+00:00","twitter_card":"summary_large_image","twitter_misc":{"Gesch\u00e4tzte Lesezeit":"8\u00a0Minuten"},"schema":{"@context":"https:\/\/schema.org","@graph":[{"@type":"WebPage","@id":"https:\/\/www.alpina-hotels.de\/salzberg\/salzburg\/","url":"https:\/\/www.alpina-hotels.de\/salzberg\/salzburg\/","name":"Salzburg - Alpina Hotel Salzberg in Berchtesgaden im Berchtesgadener Land","isPartOf":{"@id":"https:\/\/www.alpina-hotels.de\/salzberg\/#website"},"datePublished":"2020-06-16T07:55:37+00:00","dateModified":"2020-06-16T08:10:37+00:00","breadcrumb":{"@id":"https:\/\/www.alpina-hotels.de\/salzberg\/salzburg\/#breadcrumb"},"inLanguage":"de","potentialAction":[{"@type":"ReadAction","target":["https:\/\/www.alpina-hotels.de\/salzberg\/salzburg\/"]}]},{"@type":"BreadcrumbList","@id":"https:\/\/www.alpina-hotels.de\/salzberg\/salzburg\/#breadcrumb","itemListElement":[{"@type":"ListItem","position":1,"name":"Startseite","item":"https:\/\/www.alpina-hotels.de\/salzberg\/willkommen\/"},{"@type":"ListItem","position":2,"name":"Salzburg"}]},{"@type":"WebSite","@id":"https:\/\/www.alpina-hotels.de\/salzberg\/#website","url":"https:\/\/www.alpina-hotels.de\/salzberg\/","name":"Alpina Hotel Salzberg in Berchtesgaden im Berchtesgadener Land","description":"Alpina Hotels in Berchtesgaden","potentialAction":[{"@type":"SearchAction","target":{"@type":"EntryPoint","urlTemplate":"https:\/\/www.alpina-hotels.de\/salzberg\/?s={search_term_string}"},"query-input":{"@type":"PropertyValueSpecification","valueRequired":true,"valueName":"search_term_string"}}],"inLanguage":"de"}]}},"_links":{"self":[{"href":"https:\/\/www.alpina-hotels.de\/salzberg\/wp-json\/wp\/v2\/pages\/137","targetHints":{"allow":["GET"]}}],"collection":[{"href":"https:\/\/www.alpina-hotels.de\/salzberg\/wp-json\/wp\/v2\/pages"}],"about":[{"href":"https:\/\/www.alpina-hotels.de\/salzberg\/wp-json\/wp\/v2\/types\/page"}],"author":[{"embeddable":true,"href":"https:\/\/www.alpina-hotels.de\/salzberg\/wp-json\/wp\/v2\/users\/1"}],"replies":[{"embeddable":true,"href":"https:\/\/www.alpina-hotels.de\/salzberg\/wp-json\/wp\/v2\/comments?post=137"}],"version-history":[{"count":6,"href":"https:\/\/www.alpina-hotels.de\/salzberg\/wp-json\/wp\/v2\/pages\/137\/revisions"}],"predecessor-version":[{"id":229,"href":"https:\/\/www.alpina-hotels.de\/salzberg\/wp-json\/wp\/v2\/pages\/137\/revisions\/229"}],"wp:attachment":[{"href":"https:\/\/www.alpina-hotels.de\/salzberg\/wp-json\/wp\/v2\/media?parent=137"}],"curies":[{"name":"wp","href":"https:\/\/api.w.org\/{rel}","templated":true}]}}