{"id":2194,"date":"2026-04-18T18:10:38","date_gmt":"2026-04-18T16:10:38","guid":{"rendered":"https:\/\/www.alpina-hotels.de\/demming\/?page_id=2194"},"modified":"2026-04-18T18:10:38","modified_gmt":"2026-04-18T16:10:38","slug":"tagungen","status":"publish","type":"page","link":"https:\/\/www.alpina-hotels.de\/demming\/tagungen\/","title":{"rendered":"Tagungen"},"content":{"rendered":"<div id='full_slider_1'  class='avia-fullwidth-slider main_color avia-shadow   avia-builder-el-0  el_before_av_heading  avia-builder-el-first   container_wrap sidebar_right'  ><div  class='avia-slideshow av-mo33ztev-608eb5597d8116757f3d5e006a9a33ab avia-slideshow-no scaling av_slideshow_full avia-slide-slider av-slideshow-ui av-control-default av-slideshow-manual av-loop-once av-loop-manual-endless av-default-height-applied   avia-slideshow-1' data-slideshow-options=\"{&quot;animation&quot;:&quot;slide&quot;,&quot;autoplay&quot;:false,&quot;loop_autoplay&quot;:&quot;once&quot;,&quot;interval&quot;:5,&quot;loop_manual&quot;:&quot;manual-endless&quot;,&quot;autoplay_stopper&quot;:false,&quot;noNavigation&quot;:false,&quot;bg_slider&quot;:false,&quot;keep_padding&quot;:false,&quot;hoverpause&quot;:false,&quot;show_slide_delay&quot;:0}\"  itemprop=\"image\" itemscope=\"itemscope\" itemtype=\"https:\/\/schema.org\/ImageObject\" ><ul class='avia-slideshow-inner ' style='padding-bottom: 66.666666666667%;'><li  class='avia-slideshow-slide av-mo33ztev-608eb5597d8116757f3d5e006a9a33ab__0  av-single-slide slide-1 slide-odd'><div data-rel='slideshow-1' class='avia-slide-wrap '   ><img decoding=\"async\" fetchpriority=\"high\" class=\"wp-image-2100 avia-img-lazy-loading-not-2100\"  src=\"https:\/\/www.alpina-hotels.de\/demming\/wp-content\/uploads\/sites\/2\/2026\/03\/94-_41A2658print.jpg\" width=\"1920\" height=\"1280\" title='94 - _41A2658print' alt=''  itemprop=\"thumbnailUrl\" srcset=\"https:\/\/www.alpina-hotels.de\/demming\/wp-content\/uploads\/sites\/2\/2026\/03\/94-_41A2658print.jpg 1920w, https:\/\/www.alpina-hotels.de\/demming\/wp-content\/uploads\/sites\/2\/2026\/03\/94-_41A2658print-705x470.jpg 705w, https:\/\/www.alpina-hotels.de\/demming\/wp-content\/uploads\/sites\/2\/2026\/03\/94-_41A2658print-1280x853.jpg 1280w, https:\/\/www.alpina-hotels.de\/demming\/wp-content\/uploads\/sites\/2\/2026\/03\/94-_41A2658print-450x300.jpg 450w, https:\/\/www.alpina-hotels.de\/demming\/wp-content\/uploads\/sites\/2\/2026\/03\/94-_41A2658print-768x512.jpg 768w, https:\/\/www.alpina-hotels.de\/demming\/wp-content\/uploads\/sites\/2\/2026\/03\/94-_41A2658print-1536x1024.jpg 1536w, https:\/\/www.alpina-hotels.de\/demming\/wp-content\/uploads\/sites\/2\/2026\/03\/94-_41A2658print-1500x1000.jpg 1500w\" sizes=\"(max-width: 1920px) 100vw, 1920px\" \/><\/div><\/li><\/ul><\/div><\/div><div id='after_full_slider_1'  class='main_color av_default_container_wrap container_wrap sidebar_right'  ><div class='container av-section-cont-open' ><div class='template-page content  av-content-small alpha units'><div class='post-entry post-entry-type-page post-entry-2194'><div class='entry-content-wrapper clearfix'>\n\n<style type=\"text\/css\" data-created_by=\"avia_inline_auto\" id=\"style-css-av-mo35h2ev-74e4e76606bb1ea4457aa0608682145d\">\n#top .av-special-heading.av-mo35h2ev-74e4e76606bb1ea4457aa0608682145d{\npadding-bottom:10px;\n}\nbody .av-special-heading.av-mo35h2ev-74e4e76606bb1ea4457aa0608682145d .av-special-heading-tag .heading-char{\nfont-size:25px;\n}\n.av-special-heading.av-mo35h2ev-74e4e76606bb1ea4457aa0608682145d .av-subheading{\nfont-size:15px;\n}\n<\/style>\n<div  class='av-special-heading av-mo35h2ev-74e4e76606bb1ea4457aa0608682145d av-special-heading-h1 blockquote modern-quote modern-centered  avia-builder-el-1  el_after_av_slideshow_full  el_before_av_textblock  avia-builder-el-first '><h1 class='av-special-heading-tag '  itemprop=\"headline\"  >Tagungen mit Watzmannblick<\/h1><div class=\"special-heading-border\"><div class=\"special-heading-inner-border\"><\/div><\/div><\/div>\n<section  class='av_textblock_section av-mo37ooes-b8dcc23a3910b80c255ba747f1a0c0c5 '   itemscope=\"itemscope\" itemtype=\"https:\/\/schema.org\/CreativeWork\" ><div class='avia_textblock'  itemprop=\"text\" ><p>In unserem neu eingerichteten Tagungsraum &#8222;Watzmann&#8220; ist der Name Programm. Die gro\u00dfe Fensterfront schafft nicht nur angenehme Lichtverh\u00e4ltnisse f\u00fcr produktives Arbeiten, sondern ist direkt dem sagenumwobenen Watzmann zugewandt. Das imposante Bergpanorama kann den Geist anregen und sprichw\u00f6rtlich neue Perspektiven er\u00f6ffnen.<\/p>\n<p>Bis zu 30 Personen finden bequem im ca 56m\u00b2 gro\u00dfen Tagungsraum Platz. Wir unterst\u00fctzen Sie gerne bei Ihren Meetings mit moderner Tagungstechnik und Verpflegung. F\u00fcr ein Angebot k\u00f6nnen Sie uns gerne direkt kontaktieren.<\/p>\n<\/div><\/section>\n","protected":false},"excerpt":{"rendered":"","protected":false},"author":2,"featured_media":0,"parent":0,"menu_order":15,"comment_status":"closed","ping_status":"closed","template":"","meta":{"footnotes":""},"class_list":["post-2194","page","type-page","status-publish","hentry"],"yoast_head":"<!-- This site is optimized with the Yoast SEO plugin v25.5 - https:\/\/yoast.com\/wordpress\/plugins\/seo\/ -->\n<title>Tagungen - Alpina Hotel Demming in Berchtesgaden im Berchtesgadener Land<\/title>\n<meta name=\"robots\" content=\"index, follow, max-snippet:-1, max-image-preview:large, max-video-preview:-1\" \/>\n<link rel=\"canonical\" href=\"https:\/\/www.alpina-hotels.de\/demming\/tagungen\/\" \/>\n<meta property=\"og:locale\" content=\"de_DE\" \/>\n<meta property=\"og:type\" content=\"article\" \/>\n<meta property=\"og:title\" content=\"Tagungen - Alpina Hotel Demming in Berchtesgaden im Berchtesgadener Land\" \/>\n<meta property=\"og:url\" content=\"https:\/\/www.alpina-hotels.de\/demming\/tagungen\/\" \/>\n<meta property=\"og:site_name\" content=\"Alpina Hotel Demming in Berchtesgaden im Berchtesgadener Land\" \/>\n<meta name=\"twitter:card\" content=\"summary_large_image\" \/>\n<script type=\"application\/ld+json\" class=\"yoast-schema-graph\">{\"@context\":\"https:\/\/schema.org\",\"@graph\":[{\"@type\":\"WebPage\",\"@id\":\"https:\/\/www.alpina-hotels.de\/demming\/tagungen\/\",\"url\":\"https:\/\/www.alpina-hotels.de\/demming\/tagungen\/\",\"name\":\"Tagungen - Alpina Hotel Demming in Berchtesgaden im Berchtesgadener Land\",\"isPartOf\":{\"@id\":\"https:\/\/www.alpina-hotels.de\/demming\/#website\"},\"datePublished\":\"2026-04-18T16:10:38+00:00\",\"breadcrumb\":{\"@id\":\"https:\/\/www.alpina-hotels.de\/demming\/tagungen\/#breadcrumb\"},\"inLanguage\":\"de\",\"potentialAction\":[{\"@type\":\"ReadAction\",\"target\":[\"https:\/\/www.alpina-hotels.de\/demming\/tagungen\/\"]}]},{\"@type\":\"BreadcrumbList\",\"@id\":\"https:\/\/www.alpina-hotels.de\/demming\/tagungen\/#breadcrumb\",\"itemListElement\":[{\"@type\":\"ListItem\",\"position\":1,\"name\":\"Startseite\",\"item\":\"https:\/\/www.alpina-hotels.de\/demming\/\"},{\"@type\":\"ListItem\",\"position\":2,\"name\":\"Tagungen\"}]},{\"@type\":\"WebSite\",\"@id\":\"https:\/\/www.alpina-hotels.de\/demming\/#website\",\"url\":\"https:\/\/www.alpina-hotels.de\/demming\/\",\"name\":\"Alpina Hotel Demming in Berchtesgaden im Berchtesgadener Land\",\"description\":\"Alpina Hotels in Berchtesgaden\",\"potentialAction\":[{\"@type\":\"SearchAction\",\"target\":{\"@type\":\"EntryPoint\",\"urlTemplate\":\"https:\/\/www.alpina-hotels.de\/demming\/?s={search_term_string}\"},\"query-input\":{\"@type\":\"PropertyValueSpecification\",\"valueRequired\":true,\"valueName\":\"search_term_string\"}}],\"inLanguage\":\"de\"}]}<\/script>\n<!-- \/ Yoast SEO plugin. -->","yoast_head_json":{"title":"Tagungen - Alpina Hotel Demming in Berchtesgaden im Berchtesgadener Land","robots":{"index":"index","follow":"follow","max-snippet":"max-snippet:-1","max-image-preview":"max-image-preview:large","max-video-preview":"max-video-preview:-1"},"canonical":"https:\/\/www.alpina-hotels.de\/demming\/tagungen\/","og_locale":"de_DE","og_type":"article","og_title":"Tagungen - Alpina Hotel Demming in Berchtesgaden im Berchtesgadener Land","og_url":"https:\/\/www.alpina-hotels.de\/demming\/tagungen\/","og_site_name":"Alpina Hotel Demming in Berchtesgaden im Berchtesgadener Land","twitter_card":"summary_large_image","schema":{"@context":"https:\/\/schema.org","@graph":[{"@type":"WebPage","@id":"https:\/\/www.alpina-hotels.de\/demming\/tagungen\/","url":"https:\/\/www.alpina-hotels.de\/demming\/tagungen\/","name":"Tagungen - Alpina Hotel Demming in Berchtesgaden im Berchtesgadener Land","isPartOf":{"@id":"https:\/\/www.alpina-hotels.de\/demming\/#website"},"datePublished":"2026-04-18T16:10:38+00:00","breadcrumb":{"@id":"https:\/\/www.alpina-hotels.de\/demming\/tagungen\/#breadcrumb"},"inLanguage":"de","potentialAction":[{"@type":"ReadAction","target":["https:\/\/www.alpina-hotels.de\/demming\/tagungen\/"]}]},{"@type":"BreadcrumbList","@id":"https:\/\/www.alpina-hotels.de\/demming\/tagungen\/#breadcrumb","itemListElement":[{"@type":"ListItem","position":1,"name":"Startseite","item":"https:\/\/www.alpina-hotels.de\/demming\/"},{"@type":"ListItem","position":2,"name":"Tagungen"}]},{"@type":"WebSite","@id":"https:\/\/www.alpina-hotels.de\/demming\/#website","url":"https:\/\/www.alpina-hotels.de\/demming\/","name":"Alpina Hotel Demming in Berchtesgaden im Berchtesgadener Land","description":"Alpina Hotels in Berchtesgaden","potentialAction":[{"@type":"SearchAction","target":{"@type":"EntryPoint","urlTemplate":"https:\/\/www.alpina-hotels.de\/demming\/?s={search_term_string}"},"query-input":{"@type":"PropertyValueSpecification","valueRequired":true,"valueName":"search_term_string"}}],"inLanguage":"de"}]}},"_links":{"self":[{"href":"https:\/\/www.alpina-hotels.de\/demming\/wp-json\/wp\/v2\/pages\/2194","targetHints":{"allow":["GET"]}}],"collection":[{"href":"https:\/\/www.alpina-hotels.de\/demming\/wp-json\/wp\/v2\/pages"}],"about":[{"href":"https:\/\/www.alpina-hotels.de\/demming\/wp-json\/wp\/v2\/types\/page"}],"author":[{"embeddable":true,"href":"https:\/\/www.alpina-hotels.de\/demming\/wp-json\/wp\/v2\/users\/2"}],"replies":[{"embeddable":true,"href":"https:\/\/www.alpina-hotels.de\/demming\/wp-json\/wp\/v2\/comments?post=2194"}],"version-history":[{"count":10,"href":"https:\/\/www.alpina-hotels.de\/demming\/wp-json\/wp\/v2\/pages\/2194\/revisions"}],"predecessor-version":[{"id":2222,"href":"https:\/\/www.alpina-hotels.de\/demming\/wp-json\/wp\/v2\/pages\/2194\/revisions\/2222"}],"wp:attachment":[{"href":"https:\/\/www.alpina-hotels.de\/demming\/wp-json\/wp\/v2\/media?parent=2194"}],"curies":[{"name":"wp","href":"https:\/\/api.w.org\/{rel}","templated":true}]}}

<div id='full_slider_1'  class='avia-fullwidth-slider main_color avia-shadow   avia-builder-el-0  el_before_av_heading  avia-builder-el-first   container_wrap sidebar_right'  ><div  class='avia-slideshow av-mo33ztev-608eb5597d8116757f3d5e006a9a33ab avia-slideshow-no scaling av_slideshow_full avia-slide-slider av-slideshow-ui av-control-default av-slideshow-manual av-loop-once av-loop-manual-endless av-default-height-applied   avia-slideshow-1' data-slideshow-options="{&quot;animation&quot;:&quot;slide&quot;,&quot;autoplay&quot;:false,&quot;loop_autoplay&quot;:&quot;once&quot;,&quot;interval&quot;:5,&quot;loop_manual&quot;:&quot;manual-endless&quot;,&quot;autoplay_stopper&quot;:false,&quot;noNavigation&quot;:false,&quot;bg_slider&quot;:false,&quot;keep_padding&quot;:false,&quot;hoverpause&quot;:false,&quot;show_slide_delay&quot;:0}"  itemprop="image" itemscope="itemscope" itemtype="https://schema.org/ImageObject" ><ul class='avia-slideshow-inner ' style='padding-bottom: 66.666666666667%;'><li  class='avia-slideshow-slide av-mo33ztev-608eb5597d8116757f3d5e006a9a33ab__0  av-single-slide slide-1 slide-odd'><div data-rel='slideshow-1' class='avia-slide-wrap '   ><img decoding="async" fetchpriority="high" class="wp-image-2100 avia-img-lazy-loading-not-2100"  src="https://www.alpina-hotels.de/demming/wp-content/uploads/sites/2/2026/03/94-_41A2658print.jpg" width="1920" height="1280" title='94 - _41A2658print' alt=''  itemprop="thumbnailUrl" srcset="https://www.alpina-hotels.de/demming/wp-content/uploads/sites/2/2026/03/94-_41A2658print.jpg 1920w, https://www.alpina-hotels.de/demming/wp-content/uploads/sites/2/2026/03/94-_41A2658print-705x470.jpg 705w, https://www.alpina-hotels.de/demming/wp-content/uploads/sites/2/2026/03/94-_41A2658print-1280x853.jpg 1280w, https://www.alpina-hotels.de/demming/wp-content/uploads/sites/2/2026/03/94-_41A2658print-450x300.jpg 450w, https://www.alpina-hotels.de/demming/wp-content/uploads/sites/2/2026/03/94-_41A2658print-768x512.jpg 768w, https://www.alpina-hotels.de/demming/wp-content/uploads/sites/2/2026/03/94-_41A2658print-1536x1024.jpg 1536w, https://www.alpina-hotels.de/demming/wp-content/uploads/sites/2/2026/03/94-_41A2658print-1500x1000.jpg 1500w" sizes="(max-width: 1920px) 100vw, 1920px" /></div></li></ul></div></div><div id='after_full_slider_1'  class='main_color av_default_container_wrap container_wrap sidebar_right'  ><div class='container av-section-cont-open' ><div class='template-page content  av-content-small alpha units'><div class='post-entry post-entry-type-page post-entry-2194'><div class='entry-content-wrapper clearfix'>

<style type="text/css" data-created_by="avia_inline_auto" id="style-css-av-mo35h2ev-74e4e76606bb1ea4457aa0608682145d">
#top .av-special-heading.av-mo35h2ev-74e4e76606bb1ea4457aa0608682145d{
padding-bottom:10px;
}
body .av-special-heading.av-mo35h2ev-74e4e76606bb1ea4457aa0608682145d .av-special-heading-tag .heading-char{
font-size:25px;
}
.av-special-heading.av-mo35h2ev-74e4e76606bb1ea4457aa0608682145d .av-subheading{
font-size:15px;
}
</style>
<div  class='av-special-heading av-mo35h2ev-74e4e76606bb1ea4457aa0608682145d av-special-heading-h1 blockquote modern-quote modern-centered  avia-builder-el-1  el_after_av_slideshow_full  el_before_av_textblock  avia-builder-el-first '><h1 class='av-special-heading-tag '  itemprop="headline"  >Tagungen mit Watzmannblick</h1><div class="special-heading-border"><div class="special-heading-inner-border"></div></div></div>
<section  class='av_textblock_section av-mo37ooes-b8dcc23a3910b80c255ba747f1a0c0c5 '   itemscope="itemscope" itemtype="https://schema.org/CreativeWork" ><div class='avia_textblock'  itemprop="text" ><p>In unserem neu eingerichteten Tagungsraum &#8222;Watzmann&#8220; ist der Name Programm. Die große Fensterfront schafft nicht nur angenehme Lichtverhältnisse für produktives Arbeiten, sondern ist direkt dem sagenumwobenen Watzmann zugewandt. Das imposante Bergpanorama kann den Geist anregen und sprichwörtlich neue Perspektiven eröffnen.</p>
<p>Bis zu 30 Personen finden bequem im ca 56m² großen Tagungsraum Platz. Wir unterstützen Sie gerne bei Ihren Meetings mit moderner Tagungstechnik und Verpflegung. Für ein Angebot können Sie uns gerne direkt kontaktieren.</p>
</div></section>
